3 - 10*f**2 - 10*f + 52. Let c(b) = -2*v(b) - 3*z(b). What are the prime factors of c(-16)?
977
Let p = 110 - -495. Let y = p + -258. List the prime factors of y.
347
Suppose -286 = g - 3*g. Suppose 56 + 159 = -67*c - 53. Let a = g - c. What are the prime factors of a?
3, 7
What are the prime factors of (56/3)/(79/198606)?
2, 7, 419
Let q(z) = -z**3 - 3*z**2 + z + 21. Let c be q(-4). Suppose 1353 = c*j - 32*j - 5*o, -j + 2*o + 1344 = 0. What are the prime factors of j?
2, 3, 223
Let h(v) = v**2 - 83*v + 307. What are the prime factors of h(88)?
3, 83
Let k(a) = a**3 - 10*a**2 + 7*a - 13. Let q be k(13). Let z = 206 + q. Suppose z = -6*d + 2099. What are the prime factors of d?
2, 109
What are the prime factors of (-153 + (2 - 1))*135157/(-484)?
2, 19, 1117
Let a(o) = -2*o**3 + 7*o**2 + 24*o - 66. What are the prime factors of a(-13)?
3, 1733
Suppose -4*b + 6715 = -7*b + 5*m, -2*m = -b - 2238. Let f = 3867 + b. List the prime factors of f.
1627
What are the prime factors of 15636*(-68)/(-26) - 40/10400*40?
2, 7, 23, 127
Let t(b) = 4*b - 42. Let m be t(17). Suppose 4*x = 38 - m. Suppose x*w = 5*p - 91 - 332, 170 = 2*p - 2*w. What are the prime factors of p?
2, 3, 7
Let a = 110114 - 51448. List the prime factors of a.
2, 29333
Suppose -5*s - 5*n + 4740 = 0, -s + 910 + 26 = 4*n. List the prime factors of s/7*(3 + -6 - -4).
2, 17
Let w(l) = 202*l**2 - 8 - 43 - 397*l**2 - 2*l + 196*l**2. What are the prime factors of w(-11)?
2, 23
Let d be 1/(-4) + 13/4. Suppose a = -3*a - q + 14, -d*a - 4*q = -17. Let f(c) = 15*c - 6. What are the prime factors of f(a)?
3, 13
Let w = -524 + 743. Suppose 66 = r - w. Let v = r + -153. What are the prime factors of v?
2, 3, 11
Let v(y) = y**3 + y + 496. Suppose 8*o - 7*o - 5 = 0, 20 = 4*b + 4*o. What are the prime factors of v(b)?
2, 31
Suppose -2*a = -6, -v + 427 = a - 632. Suppose -v = 19*z - 22*z. Let j = z - 244. List the prime factors of j.
2, 3
What are the prime factors of ((24/(-4))/(-6))/((-2)/(-8766))?
3, 487
Suppose 24 = -4*q + 8*q. Let g be (-54)/((-1)/q - 18/(-27)). Let c = -19 - g. List the prime factors of c.
89
Let y(d) be the first derivative of -15*d**2 + 23*d + 50. What are the prime factors of y(-19)?
593
Suppose -4*p + 192 = 4*h, 5*h + 2*p + 120 = 354. Suppose 49*y = h*y + 843. List the prime factors of y.
281
Let b = -3425 + 9578. List the prime factors of b.
3, 7, 293
Let x be (-2)/(-2 - (-6)/4). Let f(y) = 85*y**2 - 26*y - 27. Let z be f(-1). What are the prime factors of z - x/6*9/6?
83
Let r be ((-50)/(-75))/(((-8)/(-39))/4). Suppose -3920 = 6*d - r*d. What are the prime factors of d?
2, 5, 7
Let h(q) be the first derivative of -18*q**2 + 3*q + 49. List the prime factors of h(-14).
3, 13
Suppose -5*l - 15 = 0, -6*b + 312 + 57 = l. List the prime factors of b.
2, 31
Let r(m) = -188*m + 3686. List the prime factors of r(-44).
2, 3, 1993
Let j = 49 - -299. Let n = -196 + j. Suppose -17*x + 13*x = -n. List the prime factors of x.
2, 19
Let y = -421 + 388. Let v(x) = x**2 + 20*x + 119. List the prime factors of v(y).
2, 137
Let j be 52/(-2)*((-20)/8 + 2). Suppose j*v = 3*v. Suppose 84 = p - 5*f, 0 = -3*p - v*p + 5*f + 212. What are the prime factors of p?
2
Suppose -41*s + 109030 = -1670. What are the prime factors of s?
2, 3, 5
Suppose -51*w = -103954 - 26198. List the prime factors of w.
2, 11, 29
Let f be (-4)/(-34) - (-416)/(-68). What are the prime factors of (f/(-8))/(8 + 1239/(-156))?
13
Suppose 0 = -3*h - 6, 15633 = f - 42*h + 45*h. List the prime factors of f.
3, 13, 401
Suppose -36*m + 160489 = 97 - 172068. List the prime factors of m.
5, 1847
Suppose 0 = 67*q - 982224 - 1321839. List the prime factors of q.
3, 3821
Let n(s) = s - 18. Let f be n(8). Let m = -10 - f. Suppose m*d = 2*d - 104. What are the prime factors of d?
2, 13
List the prime factors of -20 + 51816 - -21 - 3.
2, 7, 3701
Let c be 1*(-89 + 8)/9. Let w = 252 + -171. List the prime factors of (-2)/c - (-306)/w.
2
Suppose -4*b - 5104 + 18805 = 3*g, 2*g = 5*b + 9111. List the prime factors of g.
3, 13
Let l(y) = -4*y + 91. Let d = -159 - -120. List the prime factors of l(d).
13, 19
Let w = -463 - -467. List the prime factors of (w - 8) + 3 + 958.
3, 11, 29
Let a(f) = -2*f - 28. Let u be a(-15). Suppose -20 = u*h - 7*h. Suppose 409 = h*q - 3*y, -5*q + 0*q + 5*y = -515. What are the prime factors of q?
2, 5
List the prime factors of (40/(-32) - 4)/(-5 + 104395/20880).
2, 3, 7, 29
What are the prime factors of 2/(-8)*(-13 - -11 - -14) + 29240?
13, 173
Suppose -22*z = -26*z + 8. Suppose -l - 364 = -5*r - 94, -111 = -z*r + l. What are the prime factors of r?
53
Let z = 27771 + -9992. List the prime factors of z.
23, 773
Suppose 18*p - 327726 - 728608 + 144490 = 0. What are the prime factors of p?
2, 3, 8443
Suppose 13050 = 5*v - 5*o, 0 = 376*v - 375*v + 4*o - 2640. List the prime factors of v.
2, 3, 109
What are the prime factors of (-112)/(-14) - -2964 - (3 + 1)?
2, 7, 53
Let g = -427 + 429. Suppose z = -5*b + 4452, -4*z + 614 + 1156 = g*b. What are the prime factors of b?
3, 11
Let q be ((-24)/(-16))/(9/696). Let v = 115 - q. Let m(j) = -184*j**3 - 3*j**2 - 4*j - 1. List the prime factors of m(v).
2, 23
What are the prime factors of 21316 - ((-280)/1820 + 204/(-26))?
2, 3, 1777
Let n(l) = 8*l**2 + l - 841. List the prime factors of n(35).
2, 3, 1499
Suppose 38*s - 4*f - 5830 = 37*s, -5*s = 5*f - 29150. List the prime factors of s.
2, 5, 11, 53
Let o = 719 - -7121. What are the prime factors of o?
2, 5, 7
Let d = 8200 - -12165. What are the prime factors of d?
5, 4073
Let f(y) = -2*y**2 + 17*y - 1. Let g be f(12). Let c = g + 91. Suppose 294 = 2*p + d, 5*p + c*d = 10*d + 735. List the prime factors of p.
3, 7
Let c(u) be the first derivative of 5*u**3/3 + 14*u**2 + 11*u - 29. List the prime factors of c(-12).
5, 79
List the prime factors of (0/2)/(-1) + (-20 - (-69744)/6).
2, 3, 967
Let x(w) = 2468*w**3 - 8*w**2 + 7*w. What are the prime factors of x(1)?
2467
Let l = 107 + -62. Let a = l + -42. Suppose 3*w = -2*w - 3*h + 438, a*h - 348 = -4*w. List the prime factors of w.
2, 3, 5
Let p(n) = -17*n**2 - 2626*n + 358. List the prime factors of p(-111).
82387
Let n = -14234 + 27540. List the prime factors of n.
2, 6653
Suppose -4*v = 2*s - 15734, -115*v + 116*v - 55056 = -7*s. List the prime factors of s.
5, 11, 13
Suppose -5*i = 5*j - 30, 5*i = -3*j + 15 + 3. List the prime factors of 1 + 433 - (-3)/(j/8).
2, 3, 73
Let w = 4 + -3. Let n(q) = 4*q**2 - 123*q - 122. Let x be n(-1). Suppose x*m = -4*p + 41, -4*m = -3*m - p - w. What are the prime factors of m?
5
Suppose 8*k - 9*k = -4050 - 6528. What are the prime factors of k?
2, 3, 41, 43
Let k = -817 + 553. List the prime factors of -3*k/(-16)*28/(-6).
3, 7, 11
Let g(k) = 2*k**2 + 6*k + 3. Let i be g(-2). Let y be i/(4/24*1). Let x(t) = -14*t - 2. What are the prime factors of x(y)?
2, 41
Let n(l) = l**2 - 14*l + 31. Let x be n(17). Suppose -2*i - 5*y = -i - x, -391 = -4*i + y. What are the prime factors of i?
97
Let f = 5 - -4. Let d(p) = p**3 - 7*p**2 - 3*p. Let g(n) = -n**2 + n - 1. Let w(t) = -d(t) - 4*g(t). List the prime factors of w(f).
157
Suppose 3*f + 5*p + 4160 = p, -2765 = 2*f + p. Suppose -5*i = l - 7, -l + 2 = 3*i + 3. List the prime factors of f/l - (-4)/(-26).
2, 53
Suppose 7 = 2*t - 1. Let a be ((-36)/9)/(6/(-201)). List the prime factors of t/12 + -1 + a/3.
2, 11
Suppose 5*w = 10, 0 = -2*t - 5*w + 8225 + 87. What are the prime factors of t?
7, 593
Let f(g) = -213 + 1621 + 13*g + 27*g + 84. What are the prime factors of f(0)?
2, 373
Let c be (-2)/16 + 2227/1048. Let f = 23 - -54. What are the prime factors of (f + -6)*(c - 1)?
71
Let l(i) = 3*i**3 - 49*i**2 - i - 112. What are the prime factors of l(24)?
2, 11, 149
Suppose 13*x - 4*m - 110268 = 9*x, 0 = -10*x + m + 275625. What are the prime factors of x?
2, 13781
Suppose 4065*y + 659920 = 4105*y. What are the prime factors of y?
2, 73, 113
Let n be (-6)/(-9) + (-49)/(-3). Suppose 0 = 30*f - 29*f - n. List the prime factors of ((-2)/5)/(f/(-6970)).
2, 41
Suppose 0 = 422*i - 910*i + 460*i + 1419124. What are the prime factors of i?
50683
Let b = 855 - 997. Let t = 130 - b. List the prime factors of t.
2, 17
Suppose -3*w + 3*u + 46 + 20 = 0, -w = 3*u - 30. Suppose s = -7*s + w. Suppose f - 84 + 10 = -2*o, 0 = 5*f 